36, -b + 19 = 3*g. What is the units digit of b?
4
Let t = -10 + 16. Suppose 3*k = 5*d - t, -6*k + 21 = 2*d - k. Let b(m) = 3*m**2 - 4*m + 3. What is the units digit of b(d)?
8
Let k be 3/(-6) + (-21)/(-6). Let a(u) = -u**3 + 2*u**2 + 3. Let n be a(k). What is the units digit of (-18)/n*5/3?
5
Suppose 3*s - 89 = 28. What is the tens digit of s?
3
Let s = -16 + 31. Suppose -s + 0 = -x. Suppose -p + 5*v = -x, 0*v = -p + 4*v + 13. What is the units digit of p?
5
What is the tens digit of (160/15)/(3/((-54)/(-4)))?
4
Suppose 3*n = n + 12. Let c = n + -4. What is the units digit of c?
2
Let q = -32 - -59. What is the units digit of (-8)/20 + q/5?
5
Let v(y) = 9*y**3 - 2*y**2 - 3*y - 2. Let r be v(-2). Let h = -54 - r. What is the units digit of h?
2
Let k(j) = 19*j + 5. Let w be k(8). Let d = w + -58. Suppose 78 = 4*y + 2*c, 5*y + 8*c = 5*c + d. What is the tens digit of y?
1
Suppose -3*o = -0*o - 9. What is the units digit of (o + (-10)/4)*88?
4
Let i(k) = -9*k - 10. What is the tens digit of i(-7)?
5
Let h be (-3)/(2 + (-68)/40). What is the tens digit of ((-4)/h)/((-3)/(-240))?
3
Suppose -n = -3*x - 0*x - 56, -n = 4. What is the tens digit of x/(-3)*12/8?
1
Let k = 2 + 2. Suppose -k*v + u = -2*u - 36, 0 = -v + 5*u + 9. Let i = v + -4. What is the units digit of i?
5
Suppose -9*f = -26*f + 3230. What is the units digit of f?
0
What is the units digit of (1 - -14)*(-39)/(-65)?
9
What is the units digit of (7*8)/(-4)*-1?
4
Let b(j) = -j + 8. Let c be b(6). Let z(h) = -1 + 0 + 0*h**c + 4*h**2 - h**2. What is the units digit of z(2)?
1
Let r(b) = 3*b**2 - 3*b - 1. Let x(d) = -d - 9. Let q be x(-7). What is the tens digit of r(q)?
1
Suppose 4*a + 20 = 3*i, 2*i - 5*i - 15 = 3*a. What is the tens digit of (-22)/(-8)*(i + 4)?
1
Suppose -31 = 4*s - 3*c, -2 = -3*s + 3*c - 23. What is the tens digit of (16/s)/(2/(-20))?
1
Suppose -1 = c + 5*t, -5*c - 3*t = -2*t - 43. What is the units digit of c?
9
Let n = 4 - 2. Suppose 0 = -n*j + s + 20, j = -0*j - 4*s - 8. Suppose -18 = -2*d + j. What is the tens digit of d?
1
Let c(x) = x**2 - 7*x + 3. Let r be c(7). Let l(i) = 9*i - 9. Let w be l(9). Suppose n = -r*n + w. What is the tens digit of n?
1
Let r(h) = h - 3. Let p be r(-3). Let u(d) = d**2 + 5*d - 3. Let f be u(p). Suppose 6*x - 2*x + 8 = 0, g - f*x = 7. What is the units digit of g?
1
Let u be 3*(2 - (-4)/(-6)). Suppose u*a = 2*w - 16, -4*a - 23 = -w + a. What is the units digit of 31/3 + w/6?
0
Suppose -8 = 4*g - 2*g. Let f = g - -7. Suppose 2*o + 26 = 2*b, 3*b + f*o + 26 = 5*b. What is the units digit of b?
3
Let p = -23 - -69. What is the units digit of p?
6
Let r be 8/(-28) + 2/7. Let a(q) be the third derivative of q**4/24 + 7*q**3/6 + 12*q**2. What is the units digit of a(r)?
7
Let v(q) = q**2 + 7*q - 10. Let m be v(-8). Let j = 5 + m. What is the units digit of ((-16)/(-6))/(1/j)?
8
Suppose 2*w = 7*w. Suppose 4*k - 35 + 7 = w. What is the units digit of k?
7
Suppose -2*n - 4*m - 17 = -5*n, 4*m + 5 = -n. Let q be (2/3)/(1/n). What is the units digit of 2/3*9/q?
3
Let r be (-10)/(-15) - (-23)/(-3). Let h(k) = 6*k**2 + 3*k - 5*k**2 + k - 6. What is the units digit of h(r)?
5
Let o = 56 + 24. What is the units digit of o?
0
Let n = 5 + -2. Suppose 4*o - n - 5 = 0. Suppose p = -o*l + 6, p - l + 5 = 17. What is the units digit of p?
0
Let v be 4/(-2)*(2 + 2). Let q(g) = -3*g - 12. What is the units digit of q(v)?
2
Suppose -2*w = -a + 131, 3*a - 2*a + 3*w - 136 = 0. What is the tens digit of a?
3
Let g(z) = z**3 + 1. Let q be g(1). Let c be 0 + q + 0/2. Suppose 4*b - c = 2*b. What is the units digit of b?
1
Suppose 2*r - 240 = -5*j, 92 + 118 = 4*j - 2*r. Let k = j + -80. Let z = -17 - k. What is the units digit of z?
3
Let k be 1*3 - 0/(-3). Suppose 4*r - 1 = 3, -3*r - 33 = -k*i. What is the tens digit of i?
1
Suppose 0*j - 2 = 2*j, -5*i + j = -96. What is the units digit of i?
9
Suppose -2*a + 5*a = 105. Suppose 2*s - a = -3. What is the units digit of s?
6
What is the units digit of -2 + (-46 - 1)/(-1)?
5
Let k(m) = -m**2 + 11*m - 13. Suppose -i = 2*q - 20, 5*q + 5*i = 2*q + 37. What is the units digit of k(q)?
5
Suppose -2*c = -12*c + 1770. What is the units digit of c?
7
Let s(l) = 5*l. Let x(g) = -5*g + 1. Let q(b) = 6*s(b) + 5*x(b). What is the units digit of q(3)?
0
Suppose 72*t - 160 = 71*t. What is the hundreds digit of t?
1
Suppose -70 = 5*n - 7*n. What is the units digit of n?
5
Suppose -5*m + 4 = -16. What is the units digit of m?
4
Let x be 2/8 + 57/12. Suppose 2*a + o + 27 = 0, -2*a = 2*o - 4*o + 36. What is the units digit of ((-4)/2)/(x/a)?
6
Let c = -2 - -6. Suppose 5*y + c*a = 44, -y - 4*a - 2 - 2 = 0. Suppose y = 3*f - 0*f. What is the units digit of f?
4
Suppose -5*r + 3 = -17. Suppose 0 = -2*k + r - 0. Suppose k*j - 15 = -h + 15, h + 22 = 2*j. What is the tens digit of j?
1
Suppose -x = 4*u - 57, 3*u - 3 - 38 = x. Suppose 0 = -3*j + u + 4. What is the units digit of j?
6
Let c be 4/(5 + -3) + -2. Suppose 5*f = f + 4, c = 2*i + 2*f - 22. What is the tens digit of i?
1
Suppose 4*w + 2*z = -0*z + 48, -2*w = 4*z - 24. Let g = -6 + w. What is the units digit of g?
6
Let b = 21 - 16. Suppose 6*r - 2*r = 32. Let c = r - b. What is the units digit of c?
3
Suppose 3*x - 21 = 5*n - n, -x = -n - 6. Suppose 5*r - 32 = x. What is the units digit of r?
7
Let g be (-2)/5 + 10/25. Suppose 3*y + 4*u - 26 = g, -2*u + 12 = y - 0. What is the units digit of y?
2
Let u = 663 + -356. What is the units digit of u?
7
Let p(a) = -a**3 - 12*a**2 - 12*a - 8. Let w be p(-11). Suppose 11 = -w*z + 4*z. What is the tens digit of z?
1
Suppose 4*h = 4, -4*c + 4*h + 3 = 7*h. Suppose 3*m + c*x = 4*x + 50, 0 = -m - 3*x + 8. What is the tens digit of m?
1
Suppose 2*p - 4*p - 62 = -4*d, -2*p + 36 = 3*d. Suppose -4*q - 2*y = 0, -d = -5*q + 4*y - 1. What is the units digit of q?
1
Let h(b) = -4*b + 8. Suppose 2*x = -4*n - 22, 2*n + 3*n + x = -26. What is the units digit of h(n)?
8
Let z(h) = -h. Let i be z(6). Let s = i + 12. What is the units digit of s?
6
Let r = 7 - 3. Let f be r/(-14)*(-5 + -2). Suppose 1 + 1 = f*a. What is the units digit of a?
1
Suppose 4 = d - 2. Suppose 2*r - 32 = d*r. Let p = r + 11. What is the units digit of p?
3
Let z(v) = 33*v**3 + 2*v**2 - 2*v + 1. What is the units digit of z(1)?
4
Let o = -21 - -117. What is the units digit of o?
6
Suppose -4*s - 16 = 4*x, 0 = s + x + x + 5. Let b(i) = -4*i + 0*i - 3*i**2 + 2*i**2. What is the units digit of b(s)?
3
Let u(m) = -2*m**2 + 2*m + 3. Let i be u(3). Let d = 11 + i. Suppose -2*z + 2*w = -1 - 13, -d*z - w = -20. What is the units digit of z?
9
Suppose 508 = -4*p + 148. Let o = -61 - p. What is the units digit of o?
9
Let u = -105 + 178. What is the tens digit of u?
7
Let p(n) be the third derivative of n**5/60 - n**4/24 - n**3/6 - n**2. Let t be (-7 - -8)*(-4)/(-2). What is the units digit of p(t)?
1
Let y = 10 + 6. What is the tens digit of y?
1
Suppose 5*z - k - 599 = 0, -3*z + 218 = -z + 5*k. What is the hundreds digit of z?
1
Suppose 4*s = -82 - 22. Let q = s - -50. What is the units digit of q?
4
Let j = 19 + -13. Suppose j*o - 148 = 2*o. What is the units digit of o?
7
Suppose 3*w = w - 4*n + 40, w + 5*n = 35. Suppose 0 = c + c - w. What is the units digit of c?
5
Suppose 52 = 2*w - 2*z, -w - 5*z = -11 + 3. Suppose 0 = 5*j - w - 7. What is the units digit of j?
6
Let h be (-1)/((-3)/24*1). Suppose h*f = 6*f + 30. What is the units digit of f?
5
Let a(p) = -2*p + 3 - p - 1 - 4*p. Let x be a(-2). What is the units digit of 1 + -1 - (2 - x)?
4
Let c(m) = m**3 + 5*m**2 + m + 2. Let u be c(-4). Let r = u + -8. What is the units digit of r?
6
Let j(w) = w**3 - 3*w**2 - 4*w + 3. Let f be j(4). Suppose 5*l - 40 = f*l. Suppose -l + 60 = 4*q + 3*o, 0 = 5*q + 4*o - 49. What is the tens digit of q?
1
Let a = 24 + -12. Suppose -3*u - 3*q = u - a, 0 = u + 3*q - 3. What is the units digit of 3 + u + (-2)/(-1)?
8
Let f(i) = i**3 + 8*i**2 + 6*i + 4. Let u(t) = -4*t + 1. Let y be u(4). Let c = 8 + y. What is the units digit of f(c)?
1
Let w(q) = -q**3 - q + 10. Let o be w(0). Let k(v) = v. Let j be k(3). Suppose n + o = j*n. What is the units digit of n?
5
Let s = -3 + 9. What is the units digit of s?
6
Let g(s) = 3*s**2 + 9*s + 6. Let v be g(-6). Let r = v + -42. What is the tens digit of r?
1
Let s = 2 +